, 163
Let p = 4956 + -2874. Let z = p - 1350. List the prime factors of z.
2, 3, 61
Let z = 132 - 125. Let y(q) = -2*q**2 + 12*q - 11. Let c be y(z). List the prime factors of (1 - (-88)/(-8))*c/1.
2, 5
What are the prime factors of 9 + (-59210)/(-10) + 1?
3, 659
Let l(q) be the first derivative of -13*q**2 - 25*q + 5. Let i(z) = -51*z - 51. Let o(n) = 6*i(n) - 11*l(n). What are the prime factors of o(-4)?
7
Let w = 3582 + 6482. Suppose -6*n + w = 11*n. List the prime factors of n.
2, 37
List the prime factors of (506475/(-375))/(-2*1/30).
3, 2251
Suppose 10*l - 31237 = -5763 + 2376. List the prime factors of l.
5, 557
Suppose 0 = b - 5, -t + 4*t + 4*b = 29. Suppose -t*n - 1631 = -4*k, -3*n + 115 = k - 274. List the prime factors of k.
2, 101
Let k = -49 + 36. Let l(d) = -2*d**2 - 28*d - 26. Let t be l(k). Suppose 92 = -t*i + i. List the prime factors of i.
2, 23
Let g = -49989 - -74131. List the prime factors of g.
2, 12071
Let v(p) = 598*p**2 + 29*p - 46. What are the prime factors of v(8)?
2, 7, 41, 67
Let q be -3 + -4*3/(-12). Let j be q/(-3) - (-60)/(-90). Suppose g - 5*k = 30, j*g + 4*k = -4*g + 240. List the prime factors of g.
5, 11
Suppose 4*i = 4*v - 5364, -3*v + 5*i + 3186 = -831. List the prime factors of ((v/(-30))/4)/(6/(-225)).
2, 3, 5, 7
Suppose 0 = -9*j - 1331 + 170. Let o = 229 - j. What are the prime factors of o?
2, 179
Let y be 8/28 + -87*(-12)/21. Let m = 47 - y. List the prime factors of (-2)/m - 4260/(-36).
7, 17
Suppose 5*z - 2*x - 28492 = 0, 22155 = 5*z - 4*x - 6329. What are the prime factors of z?
2, 3, 5, 19
Let u = 13 + -15. Let q be (14 - 15)/(u/138). Suppose p - h = h + q, p + 2*h - 49 = 0. List the prime factors of p.
59
Let l be (2330/8)/(240/576). Let j(s) = -13*s**3 - s**2. Let r be j(-2). Suppose -l = 97*y - r*y. What are the prime factors of y?
233
Suppose 3*b - m = 6410, 26*b - 6425 = 23*b + 4*m. Suppose -569 = 9*g - b. List the prime factors of g.
2, 3, 29
Suppose -5*p - 21 = -61. Suppose -4*l + 596 = o, 4*o - 2348 = -p*l + 4*l. List the prime factors of o.
2, 73
List the prime factors of -6 - (-673*(3 + 34) - 4).
7, 3557
Let z be (23/69)/(1/12). Suppose -799 = -n - 0*n + z*f, 3*n - 4*f - 2405 = 0. What are the prime factors of n?
11, 73
Suppose 2*y = -5*t + 147, -3*y + 2*y = 4*t - 120. Suppose -t*z + 38*z - 525 = 0. List the prime factors of z.
3, 5
Suppose 6*z + 188 = 14540. List the prime factors of z.
2, 13, 23
Let b = 21476 + -10135. List the prime factors of b.
11, 1031
Suppose -5*j = 11*z - 8*z - 54583, -3*z = -5*j + 54577. List the prime factors of j.
2, 2729
Let b be 5/2 - (-28954)/(-4). What are the prime factors of (b/(-144))/((-1)/(-20))?
3, 5, 67
Let j(v) = -12*v - 19. Suppose -276 = -4*w + 4*m, m + 292 + 53 = 5*w. Let f = w - 83. What are the prime factors of j(f)?
149
Suppose -3*w - w + 468 = 0. Suppose 8*k + w = -k. What are the prime factors of ((-1)/(-2))/(((-91)/1834)/k)?
131
Let q = 95772 + -52813. List the prime factors of q.
7, 17, 19
Suppose 5*c - 36767 = 2*o + 47160, -33542 = -2*c - 4*o. What are the prime factors of c?
13, 1291
Let l = -396 + -684. Let x = l + 1725. List the prime factors of x.
3, 5, 43
Let i = 693 - 200. Suppose -3*m = -3*s - 546, -229 = -4*m + 2*s + i. List the prime factors of m.
179
Suppose -2*z + 52592 = -i, 15517 = -3*z - i + 94390. What are the prime factors of z?
26293
Suppose 21*m + 19*m = 46*m. Suppose -3*o - o = -2*q - 382, 2*o + 3*q - 179 = m. List the prime factors of o.
2, 47
Let p = -47 - -91. Let i = p - 38. Suppose 60 = n - 4*f, -3*f - 334 = n - i*n. List the prime factors of n.
2, 17
Let x = 287 - 60. Let l = 131 - x. Let t = l - -115. What are the prime factors of t?
19
What are the prime factors of (-7 + 16 + -29)*690/(-3)?
2, 5, 23
Let r(g) = g**3 - 84*g**2 - 54*g - 164. List the prime factors of r(85).
7, 353
Let a = -11621 - -40621. What are the prime factors of a?
2, 5, 29
Let v(g) = -20*g**2 - 7*g + 42. Let c(w) = 11*w**2 + 4*w - 21. Let y(n) = 5*c(n) + 2*v(n). List the prime factors of y(7).
2, 3, 7
Suppose -1143 = -2*s - 5*q - 0*q, -4*s - 2*q + 2310 = 0. Suppose s = 3*k - 519. List the prime factors of k.
2, 3, 61
Let q = 98 + -93. Suppose -q*v = -2*d + 23, 0 = 2*d + 2*d - v - 37. Suppose d*o = 8*o - 5*c + 106, 0 = 2*o - c - 245. What are the prime factors of o?
11
Let b = 21517 - 10987. What are the prime factors of b?
2, 3, 5, 13
Suppose 2*p + 5*d - 18241 = 0, -5*p + 2*p + 27345 = 2*d. List the prime factors of p.
13, 701
Let l(d) = d**3 - 6*d**2 + 3*d + 8. Let q be l(5). Let x be (2133/(-27))/(q/(-4)). Let o = x + 338. What are the prime factors of o?
2, 3, 5
Suppose p + 12 = 4*v + 4, 0 = 5*p - 3*v - 11. Suppose 5*f - p*f + 179 = 0. Let b = 313 + f. What are the prime factors of b?
2, 67
Suppose -56137 - 28915 = -4*n + 4*a, 21278 = n - 4*a. What are the prime factors of n?
2, 3, 1181
Suppose 0 = -6*f + 21 + 3. Suppose 62 - 6 = f*y. List the prime factors of 16/(-28) - (-652)/y.
2, 23
Suppose 7*m - 4*m - 3*b = 1182, 0 = 4*b - 12. Let a = 498 - m. What are the prime factors of a?
101
Suppose 0 = -161*d + 159*d - 9135 + 71361. List the prime factors of d.
3, 3457
Suppose 0 = -542*t + 558*t - 106464. List the prime factors of t.
2, 3, 1109
Suppose 22*o - 9*o - 46783 = 141574. What are the prime factors of o?
14489
What are the prime factors of 34319 + 48/(-15) + 26/130?
2, 23, 373
What are the prime factors of (-7)/((-245)/21) - 16692/(-5)?
3, 7, 53
Suppose 2*g + 988 = -96. Let x = g - -1516. List the prime factors of x.
2, 487
Suppose 80*v - 637120 - 266810 - 611510 = 0. What are the prime factors of v?
19, 997
Let c = -387 - -25. List the prime factors of (-4)/8*c/1.
181
Let l = 14 - 14. Suppose l*a + 6*a - 12 = 0. Suppose -3*w + 145 = -5*v, -51 = -w + v + a*v. List the prime factors of w.
3, 5
Suppose 6*j - 609 = -15*j. Let a(b) = -3*b + 123. What are the prime factors of a(j)?
2, 3
List the prime factors of (2 - 17/4) + (-1912878)/(-88).
3, 5, 7, 23
Let t = 703 - 300. Let p = t - 97. List the prime factors of p.
2, 3, 17
Let v(g) be the second derivative of g**5/20 - 13*g**4/6 - 4*g**3/3 + 16*g**2 - 3*g + 27. What are the prime factors of v(27)?
5, 109
Let n(a) = a**3 - 77*a**2 - 466*a + 543. What are the prime factors of n(86)?
27031
Suppose b = -2*j + 4*j - 7, -4*b - 2*j + 22 = 0. Suppose 6*n = -b + 21. What are the prime factors of (-12)/(-16)*4*28/n?
2, 7
Suppose 0 = 5*m - 2*p - 53513, 0*m - 2*p = 3*m - 32111. What are the prime factors of m/35 - 4/(-20)?
2, 3, 17
Let m(w) = -w**3 - 75*w**2 + 120*w - 211. What are the prime factors of m(-78)?
8681
Let p be 3 + (-10 - -7) + 14. Suppose 2196 = -11*g + p*g. List the prime factors of g.
2, 3, 61
List the prime factors of (-81157687)/(-1443) - (-4)/6.
11, 5113
Suppose -275*r - 797357 = 8*r - 14941131. What are the prime factors of r?
2, 24989
Suppose -4*f - 208 = 2*b, 5*f = 5*b - 182 - 63. List the prime factors of 23/(-2)*(-189 - f).
3, 23
Suppose -6*l = -2*l + 4*i - 7984, 0 = -5*l - i + 9980. Let y = l - 1371. What are the prime factors of y?
5
Suppose 4*h - f - 7 = 6*h, 10 = -5*h + 5*f. Let m(y) = 9*y - 3. Let w(n) = -100*n + 32. Let s(z) = h*w(z) - 32*m(z). What are the prime factors of s(5)?
2, 3, 5
Suppose -13*x = -6*x - 70. Let y be (-11 + x)/((-2)/(-34)). Let t(b) = -b**2 - 21*b + 26. List the prime factors of t(y).
2, 47
Let o(v) = 2*v - 24*v**3 + 14 - 23 + 0. List the prime factors of o(-3).
3, 211
Suppose -5*m + 3*i = -24534 - 11416, m + 4*i - 7213 = 0. List the prime factors of m.
7193
Suppose -14*i + 318503 - 62289 = 0. What are the prime factors of i?
18301
Let f(v) = -10*v + 2*v**2 + 8 - 43 - v**2. Let x be f(13). Suppose x*s - 154 = -2*u, s - u = -s + 87. What are the prime factors of s?
41
Suppose 3*i - 16*i + 480642 = -422494. List the prime factors of i.
2, 13, 167
Suppose 19*q = -3*c + 14*q - 11, 3*c + 5 = q. List the prime factors of (-50 + 52)/(c/(-635) - 0).
5, 127
Suppose 0 = h + 2*g - 30169, 90467 = 3*h - 223*g + 221*g. What are the prime factors of h?
3, 1117
Let u(h) = h + 3. Let k be u(-1). Suppose -k*b = -5*b + 15. Suppose 3*v + 46 = b*q - 485, -111 = -q + 3*v. What are the prime factors of q?
3, 5, 7
Suppose -47*n + 43*n = -756. Suppose -u + 7 = 5. Suppose 5*a + u*k = 2*a + 555, -a - 2*k + n = 0. List the prime factors of a.
3, 61
Let l be (-15)/35 -